18
Let s(k) = -7*k - 9 + 4 + 0 + 8*k + 4. Let z(u) = u + 3. Let d be z(3). What is s(d)?
5
Let t(q) = -16*q + 120. Let u(f) = -4*f + 27. Let l(d) = -6*t(d) + 25*u(d). What is l(-14)?
11
Let i(p) = 20*p - 1. Let h(m) = -36*m + 5. Let o(l) = 4*h(l) + 7*i(l). Determine o(-7).
41
Let f(c) = -3*c**3 - c**2 - 2*c - 3. Let j = 3 + -1. Suppose 5*g - 8 - j = 0, 4*v + 3*g = 26. Suppose -v*h - y = 7, -2*h - 2*y = 3*h + 4. Calculate f(h).
21
Let q(n) = -n**2 - 3*n - 4. Suppose -3*w + 30 = -54. Suppose 2*a + w = -4*j, 2*j - 4*j - 30 = 5*a. What is q(a)?
-8
Let t(j) = 8 - 3 - 2*j + 3*j. Suppose 3*s + 46 = -4*b, -5*b + 65 = 80*s - 85*s. Determine t(s).
-9
Let a(t) be the first derivative of -t**7/280 + t**6/180 - t**4/24 - 62*t**3/3 + 48. Let v(o) be the third derivative of a(o). What is v(-1)?
4
Let p(k) = k**2 + 55*k - 7. Let o be p(-55). Let i(s) = -4*s - 13. What is i(o)?
15
Let y(j) = -22*j**3 - 5*j**2 - 14*j + 4. Let c(r) = 19*r**3 + 5*r**2 + 12*r - 3. Let o(t) = -7*c(t) - 6*y(t). Calculate o(-5).
-3
Let f(g) = g**2 + 4*g. Let k(o) = -3*o**2 - 12*o - 1. Let y(n) = -7*f(n) - 2*k(n). Suppose -5*m + 63 = c, 414 = 4*c + 3*m + 145. Let p = 63 - c. Calculate y(p).
-3
Let k(b) = b**2 + 3*b - 123. Let p be ((-8)/(-5) - 2)/(258/8385). Give k(p).
7
Let x(j) = 124*j**2 - 23*j + 260. Let z(v) = 55*v**2 - 11*v + 130. Let t(u) = 4*x(u) - 9*z(u). Determine t(-15).
-10
Let t(x) = -x**3 + 3*x**2 + 54*x + 166. Let o be t(10). Let g(d) = d**2 - 4*d**2 - 3*d + 4*d**2 - 4. What is g(o)?
14
Let p = 354 + -318. Let z(a) = -64 - 37*a + p*a + 69. What is z(4)?
1
Suppose 18 = 5*z - 4*c - 10, -4*z + 10 = 3*c. Let i(h) = -2*h - 9. Let o be i(-5). Let x(w) = z*w - 6 - o + 2. Determine x(5).
15
Let i(v) = -7*v + 17*v - 2 - 12*v - 4*v - 3*v - 2*v**2. Give i(-5).
-7
Let l(y) = y**3 + 15*y**2 + 39*y - 52. Let t be ((-1)/(-2))/((-258)/(-473)*(-1)/12). Calculate l(t).
3
Let m(l) be the first derivative of -l**4/4 + 8*l**3/3 - 18*l - 6686. Determine m(8).
-18
Let o(p) = 2*p + 3. Let c be (42 - 43)*(-8)/1. Suppose -c*l - 137 = -129. What is o(l)?
1
Let u(z) = -13*z + 3. Let b(c) = -3*c - 1. Let p(q) = 4*b(q) - u(q). Let d = 121 - 109. Give p(d).
5
Suppose 4 = -3*c - 2. Let q be (c + 2/1)/((-2)/(-1)). Suppose q = -5*x + 10, -3*r + r = 4*x - 2. Let f(p) = 2*p + 1. Determine f(r).
-5
Let a(x) be the second derivative of -13*x**5/5 + x**4/12 - 5*x. Suppose 0 = -51*k + 24*k + 25*k + 2. Give a(k).
-51
Let b(t) = t**2 + t + 3. Let s be (-2)/(-10) + 0 + (-109)/(-5). Let u be 399/(-77) - (-4)/s. Let x be 0*((-20)/4)/u. Calculate b(x).
3
Let b(p) = -151*p + 7 - 8 + 4 + 143*p + p**2. Suppose 2*k = -3*k + 35. Give b(k).
-4
Let c(s) = -s**2 - 2*s + 1. Let n be -1*(2 - 4) - -36. Let u = n - 34. Suppose -2*h = 5*x + 1, 5*h = 2*h + u*x + 10. Give c(h).
-7
Let p(u) = u**2 + 81*u + 1460. Let f be p(-54). Let t(b) be the second derivative of -1/2*b**f - 1/6*b**3 - 29*b + 0. Calculate t(-1).
0
Let s be (-2)/(-8) - (-44)/16. Let w = s - 8. Let m(t) = 9*t**2 + 7*t + 9. Let b(c) = -10*c**2 - 7*c - 10. Let j(z) = 8*b(z) + 9*m(z). What is j(w)?
-9
Suppose 3*u + 5*v = -8, -v - 1 = 2*u - 5. Let r(y) = -y**2 + 61*y + 5. Let l(g) = g**2 - 71*g - 5. Let h(o) = 6*l(o) + 7*r(o). Determine h(u).
-7
Let w(g) = -1 - 20*g**3 + g**2 - g + 10*g**3 + 13*g**3. Let b be w(-1). Let q(n) be the second derivative of 5*n**4/12 - n**3/6 - n**2/2 + 31*n. Determine q(b).
21
Suppose q - 4 = -4*m, -m - 44 = -2*q - 0*q. Suppose c + 14 = q. Let h(g) = -3 - 19*g**2 + 6*g**2 - c*g + 12*g**2. What is h(-4)?
5
Suppose -45*z + 43*z = -5*j + 43, -23 = -2*j - 5*z. Let k(w) = 5*w**2 - 19*w - 10. Let u(n) = -n**2 + 4*n + 2. Let i(y) = -2*k(y) - 11*u(y). Give i(j).
25
Let g(x) be the second derivative of -x**5/12 + x**4/24 - x**3/3 + x. Let r(f) be the second derivative of g(f). Let s = 1118 + -1119. What is r(s)?
11
Let b = 0 - 1. Let d(l) be the third derivative of l**8/840 + l**7/5040 - 12*l**5/5 + 128*l**2. Let c(w) be the third derivative of d(w). Determine c(b).
23
Let y(b) = -b**2 - 5*b - 1. Let u(o) = 4*o - 33. Let t be u(15). Let p be 128/(-12)*t/6. Let z be 6/p - (-39)/(-8). What is y(z)?
-1
Suppose 44*f - 9 = -2*a + 45*f, -12 = -a + 2*f. Let h(d) = d**3 + 2*d - 3. Calculate h(a).
9
Let c be (-1 + (-46)/(-10))/((-80)/(-200)). Let o(p) = -6*p - 17. Determine o(c).
-71
Let o(c) = c**3 + 4*c**2 + 3*c - 6. Suppose -3*w - 4*a = 28, 8 = 3*w - a + 16. What is o(w)?
-18
Suppose -4*r = v - 20, 0*r = -v + r. Suppose -18 = 2*p + 4*w, -5*p = -v*w - 3 - 22. Let o be 4*p/8*-10. Let k(x) = -x**3 - 3*x**2 + 8*x + 3. Determine k(o).
13
Let t(k) = 5*k**2 - 5*k - 17. Let q(c) = 26*c**2 - 26*c - 85. Let j(f) = -6*q(f) + 31*t(f). What is j(-5)?
-47
Let t be 2/(-3)*4*3. Let r(y) = 6*y - 3096. Let z(l) = -4*l + 1934. Let o(a) = -5*r(a) - 8*z(a). Give o(t).
-8
Let v(d) be the first derivative of 21*d - 134 + 1/2*d**2 - 1/4*d**4 + 1/3*d**3. What is v(0)?
21
Let u = 18 - 14. Let o(y) = -y**2 - 2*y**2 - 2 + 3*y + u*y**2. Let z(j) = 4*j**3 + j**2 + 3*j + 2. Let m be z(-1). Calculate o(m).
2
Let o(t) be the third derivative of 0*t + 6 + 1/120*t**6 - 1/2*t**3 - 1/20*t**5 - t**2 + 1/12*t**4. Determine o(2).
-3
Let o(s) be the first derivative of -162 - 2*s + 1/3*s**3 - 2*s**2. Give o(5).
3
Let a = -20 + 15. Let o(j) = 1. Let p = -26 + 27. Let w(u) = 2*u - 6. Let g(s) = a*o(s) + p*w(s). Give g(10).
9
Suppose 20 = 5*w, -53*x + 50*x = w - 16. Let f(p) be the second derivative of -1/6*p**x + 3 + 0*p**2 - 1/6*p**3 + 5*p. Determine f(-2).
-6
Let f(z) be the second derivative of -z**5/60 - 2*z**4/3 + z**3 + 121*z**2/2 - 4*z + 4. Let q(x) be the first derivative of f(x). What is q(-16)?
6
Let t(g) = -4*g**2 - 140*g - 2 + 13 + 136*g. Let a(k) be the second derivative of -5*k**4/12 - 2*k**3/3 + 6*k**2 + k. Let r(v) = 5*a(v) - 6*t(v). Give r(5).
-11
Let o(g) = 2*g - 17. Let s be o(7). Let a(p) = -2*p - 4. Let n be a(s). Suppose m + n*m + 9 = 0. Let v(j) = -j**3 - 3*j**2 + 3*j + 4. Give v(m).
-5
Let q = -556 + 1013. Let z = 450 - q. Let c(w) = w**3 + 9*w**2 + 11*w + 4. Determine c(z).
25
Let a(q) be the third derivative of q**6/120 + 3*q**5/20 + q**4/8 - 35*q**3/6 + 3*q**2 - 1768. What is a(-8)?
5
Let m(b) = -7*b + 2. Let s(y) = 23*y - 31. Let r(g) = -11*g + 14. Let o(f) = 9*r(f) + 4*s(f). Let j(h) = -2*m(h) + 3*o(h). Give j(3).
-19
Let m(y) be the first derivative of y**3/3 + 9*y**2 - 44*y - 622. What is m(-20)?
-4
Let r(g) = 56*g + 103*g - 150*g - 1 + 42. What is r(-8)?
-31
Let q be (2 + (-3 - -4))*-35. Let l be 2/(-7) + (-30)/q. Let v(c) = c - 3 + l - 1 + 1. Give v(-6).
-9
Let s(h) = 26*h - 566. Let b be s(22). Let q(d) = -d**3 + 6*d**2 - 7*d + 33. Calculate q(b).
-9
Let s(n) = -n - 14. Let z be (-4)/(-6)*(-38 - -35). Give s(z).
-12
Let v(j) be the third derivative of j**6/120 + 2*j**5/15 + 5*j**4/24 - 4*j**3/3 - 1087*j**2. Determine v(-7).
6
Let j be (6/(-4))/3*(-32 + 28). Let c(r) be the second derivative of 0 + 0*r**3 + 0*r**j - 1/2*r**4 - 5*r. Give c(1).
-6
Let l(x) be the first derivative of -11*x**2/2 - 246. Give l(5).
-55
Let s = 1112 + -1118. Let c(z) be the third derivative of -z**5/60 - 7*z**4/24 - z**3/2 + 2*z**2. What is c(s)?
3
Let w(b) be the second derivative of 2*b**3/3 + 14*b**2 - 7537*b - 1. Let o = -17 + 10. Give w(o).
0
Let q(c) be the first derivative of 8*c**2 + 11*c - 1804. Calculate q(-5).
-69
Let a(b) = b**2 + b - 9. Let t = -8819 + 8816. Calculate a(t).
-3
Let i(s) = 4*s**2 + 3 - 1922*s + 1920*s - 4 + 3*s**3 + 0. Calculate i(-3).
-40
Let m(t) = -6*t**2 - t + 2. Let o(y) = -25*y**2 - 9*y + 281. Let c(i) = -4*m(i) + o(i). Determine c(14).
7
Let u(x) = -3*x**2 + 16*x - 1. Let p be 24/(-4) - 18*10/(-20). Calculate u(p).
20
Let o(p) = -79*p + 44. Let k(a) = -48*a + 22. Let l(w) = 5*k(w) - 3*o(w). What is l(-16)?
26
Let j = -8796 + 8826. Let l(c) = 2*c - 39. What is l(j)?
21
Let g(y) = -49*y + 67 + 69*y - 17*y. What is g(8)?
91
Let w(j) = -16*j - 51. Let r(c) = -c**2 - 56*c - 305. Let o be r(-6). What is w(o)?
29
Let r(s) = -9*s**2 - s + 2. Suppose 4*w + 7 = 2*c + 13, 2*w = 2*c + 2. Give r(w).
-36
Let r(w) = w**3 - 6*w**2 - 2*w + 13. Let q be (-13 + 1116/84)*21. Give r(q).
1
Suppose -11*n + 29 = -70. Suppose -n = 128*l - 131*l. Let a(v) = -6*v**2 + 3*v**2 + 0*v**2 + v. Calculate a(l).
-24
Let l(b) = -13*b + 0*b + 50 + 37 - 80. Let c(s) = 2*s. Let u(x) = 